{"id":483,"date":"2021-02-24T14:28:38","date_gmt":"2021-02-24T13:28:38","guid":{"rendered":"https:\/\/www.dukla.cz\/?post_type=product&#038;p=483"},"modified":"2025-03-11T17:11:33","modified_gmt":"2025-03-11T16:11:33","slug":"tricko","status":"publish","type":"product","link":"https:\/\/www.dukla.cz\/index.php\/produkt\/tricko\/","title":{"rendered":"Dres bavln\u011bn\u00fd, kr\u00e1tk\u00fd ruk\u00e1v"},"content":{"rendered":"<p><img decoding=\"async\" loading=\"lazy\" class=\"alignnone size-medium wp-image-543\" src=\"https:\/\/www.dukla.cz\/wp-content\/uploads\/2021\/02\/IMG_2293-300x225.jpeg\" alt=\"\" width=\"300\" height=\"225\" srcset=\"https:\/\/www.dukla.cz\/wp-content\/uploads\/2021\/02\/IMG_2293-300x225.jpeg 300w, https:\/\/www.dukla.cz\/wp-content\/uploads\/2021\/02\/IMG_2293-1024x768.jpeg 1024w, https:\/\/www.dukla.cz\/wp-content\/uploads\/2021\/02\/IMG_2293-768x576.jpeg 768w, https:\/\/www.dukla.cz\/wp-content\/uploads\/2021\/02\/IMG_2293-1536x1152.jpeg 1536w, https:\/\/www.dukla.cz\/wp-content\/uploads\/2021\/02\/IMG_2293-2048x1536.jpeg 2048w, https:\/\/www.dukla.cz\/wp-content\/uploads\/2021\/02\/IMG_2293-600x450.jpeg 600w\" sizes=\"(max-width: 300px) 100vw, 300px\" \/><img decoding=\"async\" loading=\"lazy\" class=\"alignnone size-medium wp-image-484\" src=\"https:\/\/www.dukla.cz\/wp-content\/uploads\/2021\/02\/triko_vinove_zlute_rukavy1-219x300.jpeg\" alt=\"\" width=\"219\" height=\"300\" srcset=\"https:\/\/www.dukla.cz\/wp-content\/uploads\/2021\/02\/triko_vinove_zlute_rukavy1-219x300.jpeg 219w, https:\/\/www.dukla.cz\/wp-content\/uploads\/2021\/02\/triko_vinove_zlute_rukavy1-748x1024.jpeg 748w, https:\/\/www.dukla.cz\/wp-content\/uploads\/2021\/02\/triko_vinove_zlute_rukavy1-768x1051.jpeg 768w, https:\/\/www.dukla.cz\/wp-content\/uploads\/2021\/02\/triko_vinove_zlute_rukavy1-1122x1536.jpeg 1122w, https:\/\/www.dukla.cz\/wp-content\/uploads\/2021\/02\/triko_vinove_zlute_rukavy1-1496x2048.jpeg 1496w, https:\/\/www.dukla.cz\/wp-content\/uploads\/2021\/02\/triko_vinove_zlute_rukavy1-600x821.jpeg 600w, https:\/\/www.dukla.cz\/wp-content\/uploads\/2021\/02\/triko_vinove_zlute_rukavy1-scaled.jpeg 1870w\" sizes=\"(max-width: 219px) 100vw, 219px\" \/><\/p>\n","protected":false},"excerpt":{"rendered":"","protected":false},"featured_media":484,"comment_status":"open","ping_status":"closed","template":"","meta":{"_editorskit_title_hidden":false,"_editorskit_reading_time":0,"_editorskit_is_block_options_detached":false,"_editorskit_block_options_position":"{}"},"_links":{"self":[{"href":"https:\/\/www.dukla.cz\/index.php\/wp-json\/wp\/v2\/product\/483"}],"collection":[{"href":"https:\/\/www.dukla.cz\/index.php\/wp-json\/wp\/v2\/product"}],"about":[{"href":"https:\/\/www.dukla.cz\/index.php\/wp-json\/wp\/v2\/types\/product"}],"replies":[{"embeddable":true,"href":"https:\/\/www.dukla.cz\/index.php\/wp-json\/wp\/v2\/comments?post=483"}],"wp:featuredmedia":[{"embeddable":true,"href":"https:\/\/www.dukla.cz\/index.php\/wp-json\/wp\/v2\/media\/484"}],"wp:attachment":[{"href":"https:\/\/www.dukla.cz\/index.php\/wp-json\/wp\/v2\/media?parent=483"}],"curies":[{"name":"wp","href":"https:\/\/api.w.org\/{rel}","templated":true}]}}